ive a(16).
-15
Let p(h) = -h**3 + 20*h**2 - 23*h + 60. Calculate p(19).
-16
Let o(p) = p**2 - 20*p + 7. Give o(18).
-29
Let h(z) = -z - 2. Determine h(-9).
7
Let s(a) = a**3 + 9*a**2 - 12*a - 18. Determine s(-10).
2
Let r(f) = -5*f**2 - 3*f + 2. Determine r(-2).
-12
Let y(b) = b**3 + 12*b**2 + b + 9. Give y(-12).
-3
Let i(k) = 18*k**2 + 13*k + 1. Determine i(-1).
6
Let g(h) = h**2 + 47*h - 36. Calculate g(-48).
12
Let h(c) = -c + 20. Determine h(20).
0
Let o(f) = 52*f + 112. Determine o(-2).
8
Let u(q) = 2*q**2 + 4*q - 11. Determine u(2).
5
Let b(w) = w**3 + 13*w**2 + 2*w + 15. What is b(-13)?
-11
Let w(s) = 3*s**3 + 2*s**2 + 3*s + 2. What is w(-1)?
-2
Let q(b) = -b**2 + 11*b - 17. What is q(4)?
11
Let z(v) = -5*v - 18. Calculate z(-22).
92
Let c(r) = -r**3 - 4*r**2 + 2*r + 3. Calculate c(-5).
18
Let d(r) = r**3 - 6*r**2 - 19*r - 6. Calculate d(8).
-30
Let p(s) = 45*s + 130. Give p(-3).
-5
Let u(m) = -2*m**3 + 46*m**2 - 4. Calculate u(23).
-4
Let f(s) = -3*s + 1. Calculate f(-7).
22
Let c(p) = -12*p**3 - p**2 - p - 1. What is c(1)?
-15
Let p(f) = f**3 - f**2 + 4. Calculate p(2).
8
Let h(z) = -10*z - 63. Give h(-6).
-3
Let c(d) = 4*d + 10. Determine c(5).
30
Let s(l) = -l**3 - 21*l**2 + 46*l - 7. Calculate s(-23).
-7
Let k(v) = 2*v**2 - 11*v + 14. Calculate k(3).
-1
Let w(x) = x**2 + 6*x - 5. Give w(-6).
-5
Let h(a) = -4*a + 1. What is h(1)?
-3
Let b(s) = -s**2 + 14*s + 10. Determine b(0).
10
Let p(g) = g**3 - 32*g**2 + 33*g - 63. Calculate p(31).
-1
Let n(v) = -13*v**2 + 5*v - 1. Determine n(3).
-103
Let j(x) = x**3 + 7*x**2 - 12*x - 3. What is j(-8)?
29
Let q(m) = 2*m**3 - m - 4. Determine q(3).
47
Let p(b) = b**3 + 17*b**2 + 30*b + 9. What is p(-15)?
9
Let f(x) = x**3 - 12*x**2 + 2*x - 29. Calculate f(12).
-5
Let n(o) = 3*o - 19. What is n(7)?
2
Let a(j) = j**2 - 9*j + 7. Calculate a(7).
-7
Let p(h) = h**2 - 34*h - 74. What is p(36)?
-2
Let f(l) = -2*l - 16. What is f(5)?
-26
Let m(q) = -17*q**2 - 65*q + 1. Give m(-4).
-11
Let p(b) = b**3 - 4*b**2 - 6*b + 6. What is p(5)?
1
Let t(h) = h**3 - 2*h**2 - 5*h - 3. Calculate t(4).
9
Let q(c) = -c**2 - 9*c + 7. Give q(-10).
-3
Let r(w) = 38*w**2 - 4*w - 6. Give r(-2).
154
Let g(c) = -2*c**2 + 3*c - 4. Give g(-4).
-48
Let y(v) = -v**3 - 3*v**2 + 2*v - 1. Calculate y(2).
-17
Let u(m) = -m**3 - 2*m**2 + m + 13. Calculate u(0).
13
Let c(d) = 4*d**2 - 7*d + 14. Calculate c(3).
29
Let b(p) = -p**2 + 19*p - 21. Give b(19).
-21
Let a(q) = 2*q**3 + 8*q**2 + q. Calculate a(-4).
-4
Let g(j) = j - 4. Calculate g(-5).
-9
Let o(t) = t**3 + 39*t**2 + t + 38. What is o(-39)?
-1
Let l(t) = 2*t**2 - 18*t + 13. Calculate l(12).
85
Let c(x) = x**3 + 6*x**2 + 1. Determine c(-6).
1
Let o(g) = 4*g - 38. Determine o(12).
10
Let x(o) = -o**3 - 12*o**2 - 10*o - 13. Give x(-11).
-24
Let a(d) = 2*d**3 + 22*d**2 - 21*d + 27. Determine a(-12).
-9
Let o(q) = q**3 + 15*q**2 - 3*q + 1. Give o(-15).
46
Let j(x) = -x**3 + x**2 + x + 47. Determine j(0).
47
Let k(w) = w**3 + 7*w**2 - 6*w + 3. Determine k(-8).
-13
Let x(m) = -10*m - 11. Determine x(-6).
49
Let g(w) = -4*w + 39. What is g(8)?
7
Let u(q) = 5*q - 6. Give u(5).
19
Let q(b) = 4*b - 8. Determine q(4).
8
Let y(w) = -w + 5. Calculate y(4).
1
Let w(z) = 3*z - 15. What is w(5)?
0
Let q(y) = 2*y + 1. Calculate q(-3).
-5
Let w(y) = 14*y - 356. Give w(26).
8
Let u(r) = r**3 - 4*r**2 - 12*r + 23. Give u(4).
-25
Let k(m) = 335*m - 2344. Determine k(7).
1
Let j(a) = -a**2 - 7*a + 6. Calculate j(-8).
-2
Let d(t) = -t**3 - 3*t**2 + t + 6. Determine d(-3).
3
Let v(f) = 7*f + 4. What is v(2)?
18
Let b(p) = -p**2 + 8*p - 6. Determine b(4).
10
Let q(t) = -2*t + 4. Calculate q(-4).
12
Let x(m) = -m**2 - 11*m + 3. Determine x(-11).
3
Let p(k) = 6*k**3 + k**2 - 2*k + 2. Determine p(-3).
-145
Let p(u) = u**3 + 7*u**2 + 6*u + 9. Determine p(-6).
9
Let p(k) = k**3 - 6*k**2 + 6*k - 21. Determine p(7).
70
Let b(m) = m**3 + 13*m**2 + 7*m - 23. Determine b(-12).
37
Let g(w) = 3*w**2 + 6*w - 87. Calculate g(-7).
18
Let f(i) = -7*i - 2. Calculate f(3).
-23
Let f(c) = -6*c + 10. What is f(11)?
-56
Let f(s) = -s**3 + s**2 + 17*s - 1. What is f(6)?
-79
Let o(c) = c**3 + 29*c**2 + 53*c - 35. Determine o(-27).
-8
Let d(j) = 2*j**2 - 14*j - 62. Determine d(10).
-2
Let w(y) = -3*y**2 - 3*y - 14. Determine w(0).
-14
Let u(i) = 5*i**2 - 3*i - 4. Determine u(-2).
22
Let c(g) = -5*g - 4. What is c(-2)?
6
Let y(m) = 10*m**2 - 152*m + 35. Calculate y(15).
5
Let m(n) = 3*n - 22. What is m(9)?
5
Let n(h) = h**3 + 2*h**2 - 3*h - 9. Give n(-3).
-9
Let r(u) = u + 15. What is r(-18)?
-3
Let d(m) = m**3 + 4*m**2 - 11*m + 5. Calculate d(-6).
-1
Let u(f) = 3*f**3 + 15*f**2 + 5*f + 20. Determine u(-5).
-5
Let o(b) = b**2 - 14*b + 9. What is o(11)?
-24
Let a(p) = p**2 + 14*p + 31. What is a(-15)?
46
Let j(c) = -4*c - 38. Determine j(-12).
10
Let b(d) = -d**2 + d + 3. Determine b(5).
-17
Let x(q) = -q**3 + 8*q**2 - 3*q. What is x(7)?
28
Let m(o) = -25*o**3 + o + 1. Determine m(-1).
25
Let u(c) = -c**3 + 11*c**2 + 17*c + 1. What is u(12)?
61
Let b(d) = 3*d + 28. What is b(-7)?
7
Let q(p) = p**3 + 10*p**2 + 4*p - 6. What is q(-9)?
39
Let h(z) = z**2 - 6*z. Calculate h(7).
7
Let r(b) = b**3 + 7*b**2 + 8*b + 10. What is r(-7)?
-46
Let d(p) = p**2 + 3*p. What is d(0)?
0
Let s(z) = z + 1. Determine s(10).
11
Let l(u) = -6*u**2 - 54*u - 8. Give l(-9).
-8
Let h(a) = -14*a + 13. Give h(7).
-85
Let h(m) = 3*m**3 - 36*m**2 - 5*m + 40. Give h(12).
-20
Let l(u) = -u**2 + 3*u + 22. What is l(6)?
4
Let v(r) = -3*r**2 - 34*r + 22. Give v(-12).
-2
Let y(x) = x**3 + 11*x**2 - x - 7. What is y(-11)?
4
Let a(x) = x**3 - 15*x**2 + 32*x - 31. Calculate a(13).
47
Let w(o) = -9*o**2 - 55*o - 9. Give w(-6).
-3
Let c(u) = -u**2 - 7*u + 17. Determine c(-8).
9
Let r(b) = -b**3 - 2*b**2 - 3*b - 3. Calculate r(-3).
15
Let d(a) = a**3 - 8*a**2 + 11*a + 20. Determine d(5).
0
Let n(m) = -4*m + 17. What is n(12)?
-31
Let v(z) = -z**2 + 7*z. Calculate v(4).
12
Let g(m) = 10*m**2 - 3*m. What is g(1)?
7
Let a(i) = -4*i - 6. Determine a(-4).
10
Let m(p) = -30*p - 1. What is m(1)?
-31
Let h(y) = 3*y - 6. Determine h(8).
18
Let x(t) = -2*t**3 - 31*t**2 - 18*t - 46. Calculate x(-15).
-1
Let s(g) = -g**3 + 2*g**2 + 11*g - 26. What is s(4)?
-14
Let g(k) = -k**3 + 11*k**2 - 11*k + 17. What is g(10)?
7
Let m(c) = -2*c**2 - 5*c - 12. Calculate m(-4).
-24
Let i(a) = -11*a + 48. Determine i(4).
4
Let x(n) = -n**2 + 21*n - 114. What is x(12)?
-6
Let s(x) = -x**3 - 18*x**2 - 35*x - 60. Determine s(-16).
-12
Let m(u) = -u**2 - 5*u - 1. Determine m(-5).
-1
Let n(t) = -15*t - 1. Calculate n(-1).
14
Let r(p) = p**3 - 16*p**2 + 13*p + 50. Determine r(15).
20
Let s(z) = z**3 + 34*z**2 - z + 13. Calculate s(-34).
47
Let l(p) = 2*p**2 - 20*p + 22. Calculate l(9).
4
Let x(n) = -5*n**2 + 197*n + 122. Determine x(40).
2
Let a(i) = i**2 - 14*i - 72. Determine a(18).
0
Let k(y) = y**2 + 18*y - 6. Calculate k(-17).
-23
Let b(p) = -8*p**2 - 32*p - 31. What is b(-1)?
-7
Let d(o) = -o**3 - 7*o**2 + o + 13. Calculate d(-7).
6
Let i(s) = s**2 + 7*s + 5. Calculate i(-5).
-5
Let k(p) = -2*p**2 - 6*p + 2. Determine k(2).
-18
Let m(b) = -b**2 - 8*b - 3. Calculate m(-8).
-3
Let l(a) = 3*a**3 + 2*a**2 + 3*a + 2. What is l(-1)?
-2
Let d(f) = f**3 + 8*f**2 + 9*f + 9. Calculate d(-7).
-5
Let c(x) = x**2 - 16. What is c(6)?
20
Let d(f) = f**3 + 15*f**2 + 35*f - 11. Give d(-12).
1
Let u(v) = -v**3 - 7*v**2 + 2*v - 142. Determine u(-9).
2
Let l(a) = -48*a + 293. Determine l(6).
5
Let a(r) = r**2 + r - 2. Determine a(-2).
0
Let c(f) = 4*f**2 - 185*f + 40. Calculate c(46).
-6
Let l(f) = 6*f + 9. Determine l(-6).
-27
Let r(z) = -2*z**2 - 14*z - 2. Calculate r(-10).
-62
Let f(q) = q**3 - 17*q**2 + q - 22. Determine f(17).
-5
Let a(s) = s**2 - 9*s + 6. Give a(9).
6
Let s(t) = -t**2 + 6. What is s(6)?
-30
Let d(u) = -u**3 - 2*u**2 + 9*u - 2. Determine d(-5).
28
Let g(x) = -3*x - 6. Calculate g(-6).
12
Let b(q) = 7*q + 177. Give b(-16).
65
Let k(z) = -3*z**3 + 15*z**2 - 7*z + 3. Give k(5).
-32
Let r(l) = l**2 + 3*l - 5. Give r(-5).
5
Let j(l) = -3*l**2 - 22*l - 44. Give j(-2).
-12
Let w(b) = b + 3. Give w(-8).
-5
Let a(s) = -s**2 - 6*s + 8. Give a(-6).
8
Let b(z) = -z**2 + 6*z. What is b(5)?
5
Let h(o) = o**3 + 3*o**2 - 3*o - 1. Give h(-4).
-5
Let w(a) = -16*a**2 - 2*a + 2. Determine w(1).
-16
Let h(r) = -3*